visor of 610221 and 2889.
321
Calculate the highest common factor of 22919 and 1376.
43
What is the greatest common divisor of 70592 and 34193?
1103
What is the highest common divisor of 66060 and 36?
36
Calculate the highest common divisor of 8611 and 14220.
79
What is the greatest common divisor of 11 and 132374?
11
Calculate the greatest common divisor of 141292 and 8.
4
Calculate the greatest common factor of 51128 and 1743.
581
What is the greatest common divisor of 16 and 442744?
8
Calculate the highest common divisor of 8757 and 315.
63
What is the highest common factor of 27 and 39069?
27
Calculate the highest common factor of 19499 and 31.
31
What is the greatest common factor of 3564 and 33594?
66
What is the highest common divisor of 425 and 196180?
85
Calculate the greatest common divisor of 86 and 25714.
86
Calculate the highest common factor of 1029 and 80913.
21
What is the greatest common factor of 84 and 242319?
21
What is the greatest common divisor of 36358 and 56?
14
Calculate the greatest common factor of 693 and 14085.
9
Calculate the greatest common divisor of 16392 and 792.
24
What is the greatest common divisor of 336084 and 84?
84
Calculate the highest common divisor of 969 and 935997.
57
Calculate the greatest common factor of 42541 and 114.
19
Calculate the highest common factor of 25451 and 9393.
31
Calculate the greatest common divisor of 3009 and 147.
3
Calculate the greatest common factor of 19 and 289256.
19
What is the greatest common divisor of 291712 and 424?
424
What is the highest common divisor of 152 and 141892?
76
Calculate the greatest common factor of 27 and 571635.
9
What is the greatest common factor of 233305 and 290?
145
Calculate the highest common divisor of 839098 and 4602.
1534
What is the highest common factor of 3906025 and 25?
25
What is the greatest common factor of 153 and 64209?
51
What is the highest common factor of 138890 and 85?
85
What is the highest common factor of 1232714 and 112?
14
What is the greatest common divisor of 157641 and 30348?
843
Calculate the greatest common factor of 10406 and 29282.
242
Calculate the greatest common factor of 656 and 21376.
16
What is the greatest common factor of 370 and 15961430?
370
Calculate the greatest common divisor of 418374 and 792.
198
What is the greatest common divisor of 5304 and 1938?
102
What is the highest common factor of 716 and 702575?
179
What is the greatest common divisor of 442 and 326794?
26
Calculate the greatest common factor of 7017 and 213.
3
What is the greatest common divisor of 525016 and 6293?
899
Calculate the greatest common divisor of 1938 and 1377.
51
Calculate the highest common divisor of 152 and 89566.
38
Calculate the highest common factor of 95930 and 16960.
530
What is the greatest common divisor of 8480 and 32?
32
What is the highest common divisor of 2 and 1321106?
2
What is the highest common divisor of 782 and 17408?
34
What is the greatest common factor of 352 and 124064?
32
Calculate the highest common divisor of 19 and 477014.
19
What is the highest common divisor of 199 and 38407?
199
Calculate the highest common factor of 125392 and 4352.
272
What is the greatest common factor of 4257881 and 19?
19
What is the highest common factor of 639 and 4273206?
213
What is the highest common factor of 735 and 2685?
15
What is the highest common divisor of 445120 and 30160?
1040
Calculate the highest common divisor of 4214 and 69746.
86
What is the greatest common divisor of 108 and 14013?
27
Calculate the highest common factor of 369 and 20869.
41
What is the greatest common divisor of 896 and 2268?
28
What is the highest common factor of 55200 and 30?
30
What is the greatest common divisor of 110 and 53702?
22
Calculate the highest common factor of 4395580 and 140.
140
Calculate the greatest common divisor of 6641 and 8381.
29
Calculate the greatest common divisor of 19575 and 24900.
75
What is the greatest common factor of 62982 and 144?
18
Calculate the highest common factor of 71019 and 2340.
117
What is the highest common factor of 1515 and 14241?
303
Calculate the greatest common divisor of 426642 and 3798.
1266
Calculate the highest common divisor of 728 and 19240.
104
What is the highest common divisor of 150489 and 69?
69
Calculate the greatest common divisor of 1190 and 210.
70
Calculate the greatest common factor of 11202 and 108.
6
What is the greatest common divisor of 32 and 6172?
4
What is the highest common factor of 208 and 48178?
26
What is the highest common divisor of 485958 and 11?
11
What is the highest common divisor of 310646 and 364?
14
What is the highest common divisor of 1638 and 135018?
234
What is the highest common factor of 736569 and 1338?
669
What is the greatest common divisor of 93065 and 70?
35
Calculate the highest common divisor of 388 and 24832.
388
Calculate the highest common factor of 280 and 13370.
70
What is the highest common factor of 1599012 and 36?
36
Calculate the highest common divisor of 270 and 112680.
90
Calculate the highest common divisor of 384 and 137568.
96
Calculate the greatest common divisor of 1794 and 637.
13
What is the highest common factor of 29 and 304877?
29
What is the highest common divisor of 59177 and 34?
17
What is the greatest common factor of 64 and 49136?
16
Calculate the greatest common divisor of 61366 and 488.
122
What is the greatest common divisor of 518 and 984718?
518
Calculate the greatest common divisor of 1305 and 369.
9
Calculate the greatest common factor of 8960 and 36160.
320
What is the highest common factor of 6 and 372258?
6
Calculate the greatest common divisor of 176 and 42064.
176
Calculate the highest common divisor of 44408 and 34216.
728
Calculate the greatest common divisor of 46 and 797686.
46
Calculate the highest common divisor of 46789 and 142.
71
Calculate the highest common factor of 579 and 261708.
579
Calculate the highest common divisor of 160 and 85220.
20
What is the highest common divisor of 144401 and 12411?
197
What is the greatest common divisor of 22036 and 84?
28
What is the greatest common factor of 7743 and 73341?
87
What is the highest common divisor of 237 and 1612311?
237
What is the greatest common divisor of 1177748 and 352?
44
Calculate the highest common factor of 2767436 and 42.
14
Calculate the greatest common factor of 4400 and 2450.
50
What is the greatest common factor of 108 and 149553?
27
What is the highest common divisor of 14145 and 555?
15
What is the greatest common factor of 372 and 134416?
124
What is the highest common factor of 1163 and 7?
1
What is the highest common factor of 3382884 and 636?
636
Calculate the greatest common factor of 20 and 90.
10
What is the greatest common divisor of 6 and 2467?
1
What is the greatest common factor of 2225587 and 37?
37
What is the greatest common factor of 49 and 4193?
7
What is the greatest common factor of 22216 and 8?
8
Calculate the greatest common divisor of 4002 and 1794.
138
Calculate the highest common factor of 11209 and 704.
11
What is the highest common divisor of 92890 and 182?
14
Calculate the highest common factor of 7699098 and 31.
31
Calculate the greatest common factor of 20965 and 385.
35
What is the highest common factor of 18304 and 1489664?
1408
What is the highest common factor of 637 and 25039?
49
Calculate the highest common divisor of 5 and 21450.
5
Calculate the greatest common divisor of 3277 and 29.
29
Calculate the highest common factor of 8801 and 663.
13
Calculate the highest common factor of 2140 and 399110.
1070
What is the highest common divisor of 5 and 5815?
5
Calculate the greatest common factor of 93 and 946585.
31
What is the highest common divisor of 84680 and 6380?
580
What is the greatest common factor of 454935 and 195?
195
Calculate the highest common divisor of 23281 and 527.
31
Calculate the greatest common divisor of 383 and 445429.
383
Calculate the highest common factor of 106 and 11339774.
106
What is the highest common factor of 77 and 41459?
11
What is the greatest common divisor of 3465 and 1440?
45
What is the highest common factor of 8829855 and 45?
45
Calculate the highest common divisor of 122739 and 45966.
489
Calculate the greatest common factor of 668058 and 414